common factor of 600 and 127950.
150
What is the highest common divisor of 23453 and 47?
47
Calculate the highest common factor of 12121 and 15779.
31
Calculate the highest common divisor of 77662 and 8294.
754
Calculate the highest common factor of 23639 and 5833.
307
What is the highest common divisor of 135 and 6102?
27
What is the highest common divisor of 35702 and 26?
2
What is the highest common factor of 49049 and 56?
7
What is the greatest common factor of 105317 and 5681?
437
Calculate the highest common divisor of 3756 and 2052.
12
Calculate the greatest common divisor of 57598 and 1519.
31
What is the highest common divisor of 382248 and 120?
24
Calculate the greatest common divisor of 248281 and 33.
11
What is the greatest common divisor of 98 and 13972?
14
Calculate the greatest common divisor of 1326 and 3961.
17
Calculate the greatest common divisor of 26741 and 5203.
121
What is the highest common factor of 3 and 5264?
1
Calculate the greatest common divisor of 64 and 497480.
8
What is the highest common divisor of 18 and 244878?
6
What is the highest common factor of 40 and 364090?
10
What is the highest common divisor of 17688 and 537?
3
Calculate the greatest common factor of 2864 and 1616.
16
Calculate the greatest common divisor of 261225 and 4945.
215
What is the greatest common divisor of 55636 and 56?
28
Calculate the highest common factor of 120 and 220035.
15
What is the greatest common divisor of 611 and 19708?
13
Calculate the greatest common divisor of 53592 and 3234.
462
Calculate the greatest common factor of 1651 and 2171.
13
Calculate the highest common factor of 554 and 187252.
554
Calculate the greatest common factor of 56 and 6368.
8
What is the highest common factor of 32337 and 225?
9
Calculate the highest common factor of 551252 and 364.
52
Calculate the highest common factor of 9940 and 420.
140
Calculate the highest common divisor of 41773 and 185.
37
What is the highest common divisor of 351 and 90506?
13
What is the highest common factor of 81 and 13875?
3
Calculate the greatest common divisor of 26 and 6123.
13
Calculate the highest common factor of 99032 and 160.
8
What is the greatest common divisor of 13559 and 298?
149
What is the greatest common factor of 2048 and 10112?
128
What is the greatest common divisor of 47410 and 870?
10
Calculate the highest common factor of 128514 and 12.
6
Calculate the highest common factor of 7488 and 92612.
52
What is the greatest common factor of 192 and 21656?
8
Calculate the highest common factor of 1995 and 67659.
57
What is the highest common divisor of 14972 and 2356?
76
What is the highest common factor of 510 and 589101?
51
Calculate the highest common divisor of 6 and 1528218.
6
Calculate the greatest common divisor of 4671 and 355688.
173
Calculate the highest common divisor of 140888 and 8712.
88
Calculate the greatest common factor of 39040 and 915.
305
What is the highest common divisor of 28 and 318878?
14
Calculate the greatest common factor of 262824 and 72.
24
What is the highest common factor of 24 and 1484688?
24
What is the highest common divisor of 705667 and 173?
173
What is the greatest common factor of 14 and 25792?
2
Calculate the greatest common factor of 711 and 10981.
79
What is the greatest common divisor of 95495 and 2840?
355
What is the highest common factor of 152 and 58577?
19
Calculate the greatest common divisor of 21 and 304717.
7
Calculate the greatest common factor of 10025 and 5213.
401
What is the greatest common factor of 6 and 4473030?
6
Calculate the greatest common divisor of 486 and 3726.
162
What is the greatest common divisor of 7227 and 201861?
99
What is the highest common factor of 1392 and 593862?
174
What is the greatest common divisor of 204 and 597732?
12
What is the highest common factor of 1103307 and 183?
183
Calculate the greatest common factor of 1302 and 1974.
42
What is the highest common divisor of 12 and 1226604?
12
What is the highest common divisor of 144948 and 564?
564
What is the highest common factor of 435952 and 176?
176
Calculate the greatest common divisor of 18 and 106245.
9
Calculate the highest common factor of 47 and 256.
1
Calculate the greatest common factor of 5 and 10180.
5
What is the greatest common factor of 84284 and 532?
76
What is the greatest common factor of 13972 and 7?
7
What is the greatest common factor of 720 and 38970?
90
Calculate the highest common factor of 12141 and 181431.
171
Calculate the greatest common divisor of 36990 and 6.
6
What is the highest common divisor of 18146 and 12238?
422
What is the highest common divisor of 46330 and 24190?
410
Calculate the highest common divisor of 366592 and 179.
179
Calculate the greatest common factor of 686 and 136171.
343
What is the greatest common divisor of 3367406 and 1302?
434
Calculate the highest common divisor of 1995 and 420375.
285
Calculate the greatest common factor of 3552310 and 40.
10
Calculate the highest common factor of 1981242 and 18.
18
Calculate the greatest common divisor of 6 and 2859222.
6
Calculate the greatest common factor of 3468 and 295188.
204
Calculate the greatest common factor of 171051 and 138.
69
Calculate the greatest common divisor of 453050 and 4550.
650
Calculate the greatest common divisor of 3010 and 1304233.
301
What is the greatest common factor of 247 and 56069?
247
Calculate the highest common factor of 12 and 51412.
4
Calculate the highest common divisor of 60 and 279780.
60
Calculate the greatest common divisor of 14844 and 36.
12
What is the highest common divisor of 798 and 4370?
38
What is the greatest common divisor of 89198 and 206?
206
Calculate the greatest common factor of 1897 and 10027.
271
Calculate the highest common factor of 11 and 266937.
11
What is the greatest common divisor of 59664 and 2640?
528
What is the greatest common factor of 1449 and 180?
9
Calculate the greatest common factor of 2 and 336086.
2
Calculate the greatest common divisor of 4708 and 45796.
428
Calculate the highest common divisor of 8 and 130216.
8
Calculate the highest common factor of 145152 and 5688.
72
What is the highest common factor of 190 and 92644?
38
What is the greatest common factor of 4554 and 11682?
198
What is the greatest common factor of 1924593 and 44?
11
Calculate the highest common factor of 48 and 94728.
24
Calculate the highest common factor of 256 and 627072.
128
Calculate the greatest common divisor of 2205 and 32805.
45
Calculate the highest common factor of 960 and 3488.
32
What is the greatest common divisor of 18336 and 44?
4
What is the greatest common factor of 79 and 184307?
79
What is the greatest common factor of 954002 and 4067?
581
Calculate the greatest common factor of 30 and 166503.
3
Calculate the highest common factor of 60 and 4488.
12
What is the highest common divisor of 6 and 202518?
6
Calculate the highest common divisor of 208 and 4407.
13
What is the greatest common factor of 26214 and 102?
102
What is the greatest common divisor of 3542 and 71852?
506
Calculate the greatest common divisor of 1170 and 44694.
234
Calculate the highest common divisor of 288 and 79584.
96
What is the highest common divisor of 1529 and 40?
1
What is the highest common factor of 5794 and 6?
2
Calculate the greatest common divisor of 121760 and 560.
80
Calculate the greatest common factor of 4836 and 273.
39
Calculate the highest common factor of 90 and 629685.
45
Calculate the highest common factor of 335733 and 87.
87
Calculate the highest common divisor of 14001 and 507.
39
Calculate the highest common divisor of 10380 and 51381.
519
What is the greatest common divisor of 4020608 and 256?
128
Calculate the greatest common factor of 14 and 10206.
14
Calculate the greatest common divisor of 221544 and 198.
18
Calculate the highest common factor of 16028 and 160.
4
Calculate the highest common divisor of 7336 and 168.
56
What is the greatest common divisor of 360 and 334840?
40
Calculate the greatest common factor of 4464 and 2108.
124
Calculate the highest common factor of 193725 and 2700.
675
Calculate the highest common factor of 15 and 155.
5
What is the greatest common divisor of 67632 and 96?
48
Calculate the highest common factor of 110 and 10510.
10